{"id":1410,"date":"2025-01-07T22:38:42","date_gmt":"2025-01-07T21:38:42","guid":{"rendered":"https:\/\/gaillards-foodtruck.fr\/?page_id=1410"},"modified":"2025-07-01T18:06:31","modified_gmt":"2025-07-01T16:06:31","slug":"traiteur","status":"publish","type":"page","link":"https:\/\/gaillards-foodtruck.fr\/?page_id=1410","title":{"rendered":"Traiteur"},"content":{"rendered":"\t\t<div data-elementor-type=\"wp-page\" data-elementor-id=\"1410\" class=\"elementor elementor-1410\" data-elementor-post-type=\"page\">\n\t\t\t\t\t\t<section class=\"elementor-section elementor-top-section elementor-element elementor-element-20cd9757 elementor-section-content-middle elementor-section-boxed elementor-section-height-default elementor-section-height-default\" data-id=\"20cd9757\" data-element_type=\"section\" data-settings=\"{&quot;background_background&quot;:&quot;classic&quot;}\">\n\t\t\t\t\t\t<div class=\"elementor-container elementor-column-gap-no\">\n\t\t\t\t\t<div class=\"elementor-column elementor-col-33 elementor-top-column elementor-element elementor-element-5dd21b75\" data-id=\"5dd21b75\" data-element_type=\"column\">\n\t\t\t<div class=\"elementor-widget-wrap elementor-element-populated\">\n\t\t\t\t\t\t<div class=\"elementor-element elementor-element-655db3c4 elementor-widget elementor-widget-text-editor\" data-id=\"655db3c4\" data-element_type=\"widget\" data-widget_type=\"text-editor.default\">\n\t\t\t\t<div class=\"elementor-widget-container\">\n\t\t\t\t\t\t\t\t\t<p>Gaillards c&#8217;est aussi une expertise et une passion pour la r\u00e9ception !<\/p>\t\t\t\t\t\t\t\t<\/div>\n\t\t\t\t<\/div>\n\t\t\t\t<div class=\"elementor-element elementor-element-3a3187 elementor-widget elementor-widget-heading\" data-id=\"3a3187\" data-element_type=\"widget\" data-widget_type=\"heading.default\">\n\t\t\t\t<div class=\"elementor-widget-container\">\n\t\t\t\t\t<h3 class=\"elementor-heading-title elementor-size-default\">Gaillards Traiteur<\/h3>\t\t\t\t<\/div>\n\t\t\t\t<\/div>\n\t\t\t\t<div class=\"elementor-element elementor-element-5522897d elementor-widget-divider--view-line elementor-widget elementor-widget-divider\" data-id=\"5522897d\" data-element_type=\"widget\" data-widget_type=\"divider.default\">\n\t\t\t\t<div class=\"elementor-widget-container\">\n\t\t\t\t\t\t\t<div class=\"elementor-divider\">\n\t\t\t<span class=\"elementor-divider-separator\">\n\t\t\t\t\t\t<\/span>\n\t\t<\/div>\n\t\t\t\t\t\t<\/div>\n\t\t\t\t<\/div>\n\t\t\t\t\t<\/div>\n\t\t<\/div>\n\t\t\t\t<div class=\"elementor-column elementor-col-33 elementor-top-column elementor-element elementor-element-507ca801\" data-id=\"507ca801\" data-element_type=\"column\">\n\t\t\t<div class=\"elementor-widget-wrap elementor-element-populated\">\n\t\t\t\t\t\t<div class=\"elementor-element elementor-element-1f98e620 elementor-widget elementor-widget-image\" data-id=\"1f98e620\" data-element_type=\"widget\" data-widget_type=\"image.default\">\n\t\t\t\t<div class=\"elementor-widget-container\">\n\t\t\t\t\t\t\t\t\t\t\t\t\t\t\t<img fetchpriority=\"high\" decoding=\"async\" width=\"1152\" height=\"1536\" src=\"https:\/\/gaillards-foodtruck.fr\/wp-content\/uploads\/2025\/01\/IMG_2831-1-1152x1536.jpeg\" class=\"elementor-animation-grow attachment-1536x1536 size-1536x1536 wp-image-1431\" alt=\"\" srcset=\"https:\/\/gaillards-foodtruck.fr\/wp-content\/uploads\/2025\/01\/IMG_2831-1-1152x1536.jpeg 1152w, https:\/\/gaillards-foodtruck.fr\/wp-content\/uploads\/2025\/01\/IMG_2831-1-225x300.jpeg 225w, https:\/\/gaillards-foodtruck.fr\/wp-content\/uploads\/2025\/01\/IMG_2831-1-768x1024.jpeg 768w, https:\/\/gaillards-foodtruck.fr\/wp-content\/uploads\/2025\/01\/IMG_2831-1-1536x2048.jpeg 1536w, https:\/\/gaillards-foodtruck.fr\/wp-content\/uploads\/2025\/01\/IMG_2831-1-scaled.jpeg 1920w\" sizes=\"(max-width: 1152px) 100vw, 1152px\" \/>\t\t\t\t\t\t\t\t\t\t\t\t\t\t\t<\/div>\n\t\t\t\t<\/div>\n\t\t\t\t<div class=\"elementor-element elementor-element-5a7cc8cb elementor-widget elementor-widget-text-editor\" data-id=\"5a7cc8cb\" data-element_type=\"widget\" data-widget_type=\"text-editor.default\">\n\t\t\t\t<div class=\"elementor-widget-container\">\n\t\t\t\t\t\t\t\t\t<p>Envie de r\u00e9galer vos invit\u00e9s avec des produits de qualit\u00e9, faits maison et cuisin\u00e9s devant vous ou bien livr\u00e9s directement chez vous ?<span style=\"font-style: inherit; font-family: var( --e-global-typography-primary-font-family ), Sans-serif; letter-spacing: 0px;\">Gaillards vous propose un service traiteur sur-mesure, pour vos \u00e9v\u00e9nements priv\u00e9s ou professionnels \u00e0 Saint-Malo et dans un rayon de 100 km autour de la ville.<\/span><\/p>\t\t\t\t\t\t\t\t<\/div>\n\t\t\t\t<\/div>\n\t\t\t\t\t<\/div>\n\t\t<\/div>\n\t\t\t\t<div class=\"elementor-column elementor-col-33 elementor-top-column elementor-element elementor-element-1dbbd7dd\" data-id=\"1dbbd7dd\" data-element_type=\"column\">\n\t\t\t<div class=\"elementor-widget-wrap elementor-element-populated\">\n\t\t\t\t\t\t<div class=\"elementor-element elementor-element-cb23fa4 elementor-widget elementor-widget-text-editor\" data-id=\"cb23fa4\" data-element_type=\"widget\" data-widget_type=\"text-editor.default\">\n\t\t\t\t<div class=\"elementor-widget-container\">\n\t\t\t\t\t\t\t\t\t<p>Nous avons \u00e0 c\u0153ur de vous offrir une exp\u00e9rience culinaire unique, \u00e0 la hauteur de vos attentes. Nous pr\u00e9parons pour vous des plats savoureux avec des produits frais qui raviront vos papilles. D\u00e9couvrez nos diff\u00e9rentes offres et laissez-vous s\u00e9duire par nos recettes authentiques, pr\u00e9par\u00e9es avec amour !<\/p>\t\t\t\t\t\t\t\t<\/div>\n\t\t\t\t<\/div>\n\t\t\t\t<div class=\"elementor-element elementor-element-66b7ae29 elementor-widget elementor-widget-image\" data-id=\"66b7ae29\" data-element_type=\"widget\" data-widget_type=\"image.default\">\n\t\t\t\t<div class=\"elementor-widget-container\">\n\t\t\t\t\t\t\t\t\t\t\t\t\t\t\t<img decoding=\"async\" width=\"1440\" height=\"1920\" src=\"https:\/\/gaillards-foodtruck.fr\/wp-content\/uploads\/2025\/01\/IMG_7748-scaled.webp\" class=\"elementor-animation-grow attachment-full size-full wp-image-1390\" alt=\"\" srcset=\"https:\/\/gaillards-foodtruck.fr\/wp-content\/uploads\/2025\/01\/IMG_7748-scaled.webp 1440w, https:\/\/gaillards-foodtruck.fr\/wp-content\/uploads\/2025\/01\/IMG_7748-225x300.jpeg 225w, https:\/\/gaillards-foodtruck.fr\/wp-content\/uploads\/2025\/01\/IMG_7748-768x1024.jpeg 768w, https:\/\/gaillards-foodtruck.fr\/wp-content\/uploads\/2025\/01\/IMG_7748-1152x1536.jpeg 1152w, https:\/\/gaillards-foodtruck.fr\/wp-content\/uploads\/2025\/01\/IMG_7748-1536x2048.jpeg 1536w\" sizes=\"(max-width: 1440px) 100vw, 1440px\" \/>\t\t\t\t\t\t\t\t\t\t\t\t\t\t\t<\/div>\n\t\t\t\t<\/div>\n\t\t\t\t\t<\/div>\n\t\t<\/div>\n\t\t\t\t\t<\/div>\n\t\t<\/section>\n\t\t\t\t<section class=\"elementor-section elementor-top-section elementor-element elementor-element-c9f2381 elementor-section-boxed elementor-section-height-default elementor-section-height-default\" data-id=\"c9f2381\" data-element_type=\"section\">\n\t\t\t\t\t\t<div class=\"elementor-container elementor-column-gap-default\">\n\t\t\t\t\t<div class=\"elementor-column elementor-col-100 elementor-top-column elementor-element elementor-element-83ecc91\" data-id=\"83ecc91\" data-element_type=\"column\">\n\t\t\t<div class=\"elementor-widget-wrap elementor-element-populated\">\n\t\t\t\t\t\t<div class=\"elementor-element elementor-element-21aa4a5 elementor-widget elementor-widget-heading\" data-id=\"21aa4a5\" data-element_type=\"widget\" data-widget_type=\"heading.default\">\n\t\t\t\t<div class=\"elementor-widget-container\">\n\t\t\t\t\t<h2 class=\"elementor-heading-title elementor-size-default\">NOTRE PHILOSOPHIE : LA BONNE BOUFFE, LA QUALIT\u00c9 AVANT TOUT<\/h2>\t\t\t\t<\/div>\n\t\t\t\t<\/div>\n\t\t\t\t\t<\/div>\n\t\t<\/div>\n\t\t\t\t\t<\/div>\n\t\t<\/section>\n\t\t\t\t<section class=\"elementor-section elementor-top-section elementor-element elementor-element-01820c4 elementor-section-boxed elementor-section-height-default elementor-section-height-default\" data-id=\"01820c4\" data-element_type=\"section\">\n\t\t\t\t\t\t<div class=\"elementor-container elementor-column-gap-default\">\n\t\t\t\t\t<div class=\"elementor-column elementor-col-100 elementor-top-column elementor-element elementor-element-49022f5\" data-id=\"49022f5\" data-element_type=\"column\">\n\t\t\t<div class=\"elementor-widget-wrap elementor-element-populated\">\n\t\t\t\t\t\t<div class=\"elementor-element elementor-element-84f7ac6 elementor-blockquote--skin-border elementor-widget elementor-widget-blockquote\" data-id=\"84f7ac6\" data-element_type=\"widget\" data-widget_type=\"blockquote.default\">\n\t\t\t\t<div class=\"elementor-widget-container\">\n\t\t\t\t\t\t\t<blockquote class=\"elementor-blockquote\">\n\t\t\t<p class=\"elementor-blockquote__content\">\n\t\t\t\tChez Gaillards, nous croyons que la nourriture doit \u00eatre avant tout un moment de plaisir. C\u2019est pourquoi nous mettons un point d'honneur \u00e0 travailler des produits frais, pour garantir \u00e0 nos clients des plats savoureux, g\u00e9n\u00e9reux et authentiques. Notre \u00e9quipe pr\u00e9pare chaque commande avec soin, en respectant des recettes gourmandes et en offrant une pr\u00e9sentation soign\u00e9e.<br>\nQue vous optiez pour un buffet ap\u00e9ritif, un plat principal copieux ou un dessert sucr\u00e9, vous avez la certitude de savourer une cuisine de qualit\u00e9, fid\u00e8le \u00e0 notre engagement de vous offrir \u00ab la bonne bouffe \u00bb.\t\t\t<\/p>\n\t\t\t\t\t\t\t<div class=\"e-q-footer\">\n\t\t\t\t\t\t\t\t\t\t\t<cite class=\"elementor-blockquote__author\">L'\u00e9quipe Gaillards \u2764\ufe0f<\/cite>\n\t\t\t\t\t\t\t\t\t\t\t\t\t\t<\/div>\n\t\t\t\t\t<\/blockquote>\n\t\t\t\t\t\t<\/div>\n\t\t\t\t<\/div>\n\t\t\t\t\t<\/div>\n\t\t<\/div>\n\t\t\t\t\t<\/div>\n\t\t<\/section>\n\t\t\t\t<section class=\"elementor-section elementor-top-section elementor-element elementor-element-cf7bd1c elementor-section-boxed elementor-section-height-default elementor-section-height-default\" data-id=\"cf7bd1c\" data-element_type=\"section\">\n\t\t\t\t\t\t<div class=\"elementor-container elementor-column-gap-default\">\n\t\t\t\t\t<div class=\"elementor-column elementor-col-100 elementor-top-column elementor-element elementor-element-76e681d\" data-id=\"76e681d\" data-element_type=\"column\">\n\t\t\t<div class=\"elementor-widget-wrap elementor-element-populated\">\n\t\t\t\t\t\t\t<\/div>\n\t\t<\/div>\n\t\t\t\t\t<\/div>\n\t\t<\/section>\n\t\t\t\t<\/div>\n\t\t","protected":false},"excerpt":{"rendered":"<p>Gaillards c&#8217;est aussi une expertise et une passion pour la r\u00e9ception ! Gaillards Traiteur Envie de r\u00e9galer vos invit\u00e9s avec des produits de qualit\u00e9, faits maison et cuisin\u00e9s devant vous ou bien livr\u00e9s directement chez vous ?Gaillards vous propose un service traiteur sur-mesure, pour vos \u00e9v\u00e9nements priv\u00e9s ou professionnels \u00e0 Saint-Malo et dans un rayon [&hellip;]<\/p>\n","protected":false},"author":1,"featured_media":0,"parent":0,"menu_order":0,"comment_status":"closed","ping_status":"closed","template":"","meta":{"site-sidebar-layout":"no-sidebar","site-content-layout":"page-builder","ast-site-content-layout":"full-width-container","site-content-style":"default","site-sidebar-style":"default","ast-global-header-display":"","ast-banner-title-visibility":"","ast-main-header-display":"","ast-hfb-above-header-display":"","ast-hfb-below-header-display":"","ast-hfb-mobile-header-display":"","site-post-title":"disabled","ast-breadcrumbs-content":"","ast-featured-img":"disabled","footer-sml-layout":"","ast-disable-related-posts":"","theme-transparent-header-meta":"","adv-header-id-meta":"","stick-header-meta":"","header-above-stick-meta":"","header-main-stick-meta":"","header-below-stick-meta":"","astra-migrate-meta-layouts":"set","ast-page-background-enabled":"default","ast-page-background-meta":{"desktop":{"background-color":"var(--ast-global-color-4)","background-image":"","background-repeat":"repeat","background-position":"center center","background-size":"auto","background-attachment":"scroll","background-type":"","background-media":"","overlay-type":"","overlay-color":"","overlay-opacity":"","overlay-gradient":""},"tablet":{"background-color":"","background-image":"","background-repeat":"repeat","background-position":"center center","background-size":"auto","background-attachment":"scroll","background-type":"","background-media":"","overlay-type":"","overlay-color":"","overlay-opacity":"","overlay-gradient":""},"mobile":{"background-color":"","background-image":"","background-repeat":"repeat","background-position":"center center","background-size":"auto","background-attachment":"scroll","background-type":"","background-media":"","overlay-type":"","overlay-color":"","overlay-opacity":"","overlay-gradient":""}},"ast-content-background-meta":{"desktop":{"background-color":"var(--ast-global-color-5)","background-image":"","background-repeat":"repeat","background-position":"center center","background-size":"auto","background-attachment":"scroll","background-type":"","background-media":"","overlay-type":"","overlay-color":"","overlay-opacity":"","overlay-gradient":""},"tablet":{"background-color":"var(--ast-global-color-5)","background-image":"","background-repeat":"repeat","background-position":"center center","background-size":"auto","background-attachment":"scroll","background-type":"","background-media":"","overlay-type":"","overlay-color":"","overlay-opacity":"","overlay-gradient":""},"mobile":{"background-color":"var(--ast-global-color-5)","background-image":"","background-repeat":"repeat","background-position":"center center","background-size":"auto","background-attachment":"scroll","background-type":"","background-media":"","overlay-type":"","overlay-color":"","overlay-opacity":"","overlay-gradient":""}},"footnotes":""},"class_list":["post-1410","page","type-page","status-publish","hentry"],"yoast_head":"<!-- This site is optimized with the Yoast SEO plugin v26.7 - https:\/\/yoast.com\/wordpress\/plugins\/seo\/ -->\n<title>Traiteur -<\/title>\n<meta name=\"robots\" content=\"index, follow, max-snippet:-1, max-image-preview:large, max-video-preview:-1\" \/>\n<link rel=\"canonical\" href=\"https:\/\/gaillards-foodtruck.fr\/?page_id=1410\" \/>\n<meta property=\"og:locale\" content=\"en_US\" \/>\n<meta property=\"og:type\" content=\"article\" \/>\n<meta property=\"og:title\" content=\"Traiteur -\" \/>\n<meta property=\"og:description\" content=\"Gaillards c&#8217;est aussi une expertise et une passion pour la r\u00e9ception ! Gaillards Traiteur Envie de r\u00e9galer vos invit\u00e9s avec des produits de qualit\u00e9, faits maison et cuisin\u00e9s devant vous ou bien livr\u00e9s directement chez vous ?Gaillards vous propose un service traiteur sur-mesure, pour vos \u00e9v\u00e9nements priv\u00e9s ou professionnels \u00e0 Saint-Malo et dans un rayon [&hellip;]\" \/>\n<meta property=\"og:url\" content=\"https:\/\/gaillards-foodtruck.fr\/?page_id=1410\" \/>\n<meta property=\"article:modified_time\" content=\"2025-07-01T16:06:31+00:00\" \/>\n<meta property=\"og:image\" content=\"https:\/\/gaillards-foodtruck.fr\/wp-content\/uploads\/2025\/01\/IMG_2831-1-scaled.jpeg\" \/>\n\t<meta property=\"og:image:width\" content=\"1920\" \/>\n\t<meta property=\"og:image:height\" content=\"2560\" \/>\n\t<meta property=\"og:image:type\" content=\"image\/jpeg\" \/>\n<meta name=\"twitter:card\" content=\"summary_large_image\" \/>\n<meta name=\"twitter:label1\" content=\"Est. reading time\" \/>\n\t<meta name=\"twitter:data1\" content=\"1 minute\" \/>\n<script type=\"application\/ld+json\" class=\"yoast-schema-graph\">{\"@context\":\"https:\/\/schema.org\",\"@graph\":[{\"@type\":\"WebPage\",\"@id\":\"https:\/\/gaillards-foodtruck.fr\/?page_id=1410\",\"url\":\"https:\/\/gaillards-foodtruck.fr\/?page_id=1410\",\"name\":\"Traiteur -\",\"isPartOf\":{\"@id\":\"https:\/\/gaillards-foodtruck.fr\/#website\"},\"primaryImageOfPage\":{\"@id\":\"https:\/\/gaillards-foodtruck.fr\/?page_id=1410#primaryimage\"},\"image\":{\"@id\":\"https:\/\/gaillards-foodtruck.fr\/?page_id=1410#primaryimage\"},\"thumbnailUrl\":\"https:\/\/gaillards-foodtruck.fr\/wp-content\/uploads\/2025\/01\/IMG_2831-1-1152x1536.jpeg\",\"datePublished\":\"2025-01-07T21:38:42+00:00\",\"dateModified\":\"2025-07-01T16:06:31+00:00\",\"breadcrumb\":{\"@id\":\"https:\/\/gaillards-foodtruck.fr\/?page_id=1410#breadcrumb\"},\"inLanguage\":\"en-US\",\"potentialAction\":[{\"@type\":\"ReadAction\",\"target\":[\"https:\/\/gaillards-foodtruck.fr\/?page_id=1410\"]}]},{\"@type\":\"ImageObject\",\"inLanguage\":\"en-US\",\"@id\":\"https:\/\/gaillards-foodtruck.fr\/?page_id=1410#primaryimage\",\"url\":\"https:\/\/gaillards-foodtruck.fr\/wp-content\/uploads\/2025\/01\/IMG_2831-1-scaled.jpeg\",\"contentUrl\":\"https:\/\/gaillards-foodtruck.fr\/wp-content\/uploads\/2025\/01\/IMG_2831-1-scaled.jpeg\",\"width\":1920,\"height\":2560},{\"@type\":\"BreadcrumbList\",\"@id\":\"https:\/\/gaillards-foodtruck.fr\/?page_id=1410#breadcrumb\",\"itemListElement\":[{\"@type\":\"ListItem\",\"position\":1,\"name\":\"Accueil\",\"item\":\"https:\/\/gaillards-foodtruck.fr\/\"},{\"@type\":\"ListItem\",\"position\":2,\"name\":\"Traiteur\"}]},{\"@type\":\"WebSite\",\"@id\":\"https:\/\/gaillards-foodtruck.fr\/#website\",\"url\":\"https:\/\/gaillards-foodtruck.fr\/\",\"name\":\"Gaillards Foodtruck\",\"description\":\"\",\"publisher\":{\"@id\":\"https:\/\/gaillards-foodtruck.fr\/#organization\"},\"potentialAction\":[{\"@type\":\"SearchAction\",\"target\":{\"@type\":\"EntryPoint\",\"urlTemplate\":\"https:\/\/gaillards-foodtruck.fr\/?s={search_term_string}\"},\"query-input\":{\"@type\":\"PropertyValueSpecification\",\"valueRequired\":true,\"valueName\":\"search_term_string\"}}],\"inLanguage\":\"en-US\"},{\"@type\":\"Organization\",\"@id\":\"https:\/\/gaillards-foodtruck.fr\/#organization\",\"name\":\"Gaillards\",\"url\":\"https:\/\/gaillards-foodtruck.fr\/\",\"logo\":{\"@type\":\"ImageObject\",\"inLanguage\":\"en-US\",\"@id\":\"https:\/\/gaillards-foodtruck.fr\/#\/schema\/logo\/image\/\",\"url\":\"https:\/\/gaillards-foodtruck.fr\/wp-content\/uploads\/2023\/05\/cropped-gaillards_main-chocolat-2.webp\",\"contentUrl\":\"https:\/\/gaillards-foodtruck.fr\/wp-content\/uploads\/2023\/05\/cropped-gaillards_main-chocolat-2.webp\",\"width\":1416,\"height\":472,\"caption\":\"Gaillards\"},\"image\":{\"@id\":\"https:\/\/gaillards-foodtruck.fr\/#\/schema\/logo\/image\/\"},\"sameAs\":[\"https:\/\/www.instagram.com\/gaillards_foodtruck\/\"]}]}<\/script>\n<!-- \/ Yoast SEO plugin. -->","yoast_head_json":{"title":"Traiteur -","robots":{"index":"index","follow":"follow","max-snippet":"max-snippet:-1","max-image-preview":"max-image-preview:large","max-video-preview":"max-video-preview:-1"},"canonical":"https:\/\/gaillards-foodtruck.fr\/?page_id=1410","og_locale":"en_US","og_type":"article","og_title":"Traiteur -","og_description":"Gaillards c&#8217;est aussi une expertise et une passion pour la r\u00e9ception ! Gaillards Traiteur Envie de r\u00e9galer vos invit\u00e9s avec des produits de qualit\u00e9, faits maison et cuisin\u00e9s devant vous ou bien livr\u00e9s directement chez vous ?Gaillards vous propose un service traiteur sur-mesure, pour vos \u00e9v\u00e9nements priv\u00e9s ou professionnels \u00e0 Saint-Malo et dans un rayon [&hellip;]","og_url":"https:\/\/gaillards-foodtruck.fr\/?page_id=1410","article_modified_time":"2025-07-01T16:06:31+00:00","og_image":[{"width":1920,"height":2560,"url":"https:\/\/gaillards-foodtruck.fr\/wp-content\/uploads\/2025\/01\/IMG_2831-1-scaled.jpeg","type":"image\/jpeg"}],"twitter_card":"summary_large_image","twitter_misc":{"Est. reading time":"1 minute"},"schema":{"@context":"https:\/\/schema.org","@graph":[{"@type":"WebPage","@id":"https:\/\/gaillards-foodtruck.fr\/?page_id=1410","url":"https:\/\/gaillards-foodtruck.fr\/?page_id=1410","name":"Traiteur -","isPartOf":{"@id":"https:\/\/gaillards-foodtruck.fr\/#website"},"primaryImageOfPage":{"@id":"https:\/\/gaillards-foodtruck.fr\/?page_id=1410#primaryimage"},"image":{"@id":"https:\/\/gaillards-foodtruck.fr\/?page_id=1410#primaryimage"},"thumbnailUrl":"https:\/\/gaillards-foodtruck.fr\/wp-content\/uploads\/2025\/01\/IMG_2831-1-1152x1536.jpeg","datePublished":"2025-01-07T21:38:42+00:00","dateModified":"2025-07-01T16:06:31+00:00","breadcrumb":{"@id":"https:\/\/gaillards-foodtruck.fr\/?page_id=1410#breadcrumb"},"inLanguage":"en-US","potentialAction":[{"@type":"ReadAction","target":["https:\/\/gaillards-foodtruck.fr\/?page_id=1410"]}]},{"@type":"ImageObject","inLanguage":"en-US","@id":"https:\/\/gaillards-foodtruck.fr\/?page_id=1410#primaryimage","url":"https:\/\/gaillards-foodtruck.fr\/wp-content\/uploads\/2025\/01\/IMG_2831-1-scaled.jpeg","contentUrl":"https:\/\/gaillards-foodtruck.fr\/wp-content\/uploads\/2025\/01\/IMG_2831-1-scaled.jpeg","width":1920,"height":2560},{"@type":"BreadcrumbList","@id":"https:\/\/gaillards-foodtruck.fr\/?page_id=1410#breadcrumb","itemListElement":[{"@type":"ListItem","position":1,"name":"Accueil","item":"https:\/\/gaillards-foodtruck.fr\/"},{"@type":"ListItem","position":2,"name":"Traiteur"}]},{"@type":"WebSite","@id":"https:\/\/gaillards-foodtruck.fr\/#website","url":"https:\/\/gaillards-foodtruck.fr\/","name":"Gaillards Foodtruck","description":"","publisher":{"@id":"https:\/\/gaillards-foodtruck.fr\/#organization"},"potentialAction":[{"@type":"SearchAction","target":{"@type":"EntryPoint","urlTemplate":"https:\/\/gaillards-foodtruck.fr\/?s={search_term_string}"},"query-input":{"@type":"PropertyValueSpecification","valueRequired":true,"valueName":"search_term_string"}}],"inLanguage":"en-US"},{"@type":"Organization","@id":"https:\/\/gaillards-foodtruck.fr\/#organization","name":"Gaillards","url":"https:\/\/gaillards-foodtruck.fr\/","logo":{"@type":"ImageObject","inLanguage":"en-US","@id":"https:\/\/gaillards-foodtruck.fr\/#\/schema\/logo\/image\/","url":"https:\/\/gaillards-foodtruck.fr\/wp-content\/uploads\/2023\/05\/cropped-gaillards_main-chocolat-2.webp","contentUrl":"https:\/\/gaillards-foodtruck.fr\/wp-content\/uploads\/2023\/05\/cropped-gaillards_main-chocolat-2.webp","width":1416,"height":472,"caption":"Gaillards"},"image":{"@id":"https:\/\/gaillards-foodtruck.fr\/#\/schema\/logo\/image\/"},"sameAs":["https:\/\/www.instagram.com\/gaillards_foodtruck\/"]}]}},"_links":{"self":[{"href":"https:\/\/gaillards-foodtruck.fr\/index.php?rest_route=\/wp\/v2\/pages\/1410","targetHints":{"allow":["GET"]}}],"collection":[{"href":"https:\/\/gaillards-foodtruck.fr\/index.php?rest_route=\/wp\/v2\/pages"}],"about":[{"href":"https:\/\/gaillards-foodtruck.fr\/index.php?rest_route=\/wp\/v2\/types\/page"}],"author":[{"embeddable":true,"href":"https:\/\/gaillards-foodtruck.fr\/index.php?rest_route=\/wp\/v2\/users\/1"}],"replies":[{"embeddable":true,"href":"https:\/\/gaillards-foodtruck.fr\/index.php?rest_route=%2Fwp%2Fv2%2Fcomments&post=1410"}],"version-history":[{"count":25,"href":"https:\/\/gaillards-foodtruck.fr\/index.php?rest_route=\/wp\/v2\/pages\/1410\/revisions"}],"predecessor-version":[{"id":1491,"href":"https:\/\/gaillards-foodtruck.fr\/index.php?rest_route=\/wp\/v2\/pages\/1410\/revisions\/1491"}],"wp:attachment":[{"href":"https:\/\/gaillards-foodtruck.fr\/index.php?rest_route=%2Fwp%2Fv2%2Fmedia&parent=1410"}],"curies":[{"name":"wp","href":"https:\/\/api.w.org\/{rel}","templated":true}]}}